tors of 124301192?
2, 19, 29, 163, 173
List the prime factors of 2680207.
97, 27631
What are the prime factors of 70743818?
2, 29, 1219721
List the prime factors of 31288040.
2, 5, 7, 131, 853
List the prime factors of 90502559.
7, 233, 7927
List the prime factors of 144287674.
2, 72143837
List the prime factors of 896392330.
2, 5, 67, 1337899
List the prime factors of 235000602.
2, 3, 41, 35381
List the prime factors of 4730750.
2, 5, 127, 149
What are the prime factors of 139751551?
29, 739, 6521
List the prime factors of 27363072.
2, 3, 11, 41, 79
List the prime factors of 40548666.
2, 3, 6758111
What are the prime factors of 35619437?
7, 17, 43, 6961
What are the prime factors of 175382861?
175382861
What are the prime factors of 372593760?
2, 3, 5, 7, 11, 17, 593
What are the prime factors of 952453453?
7, 136064779
What are the prime factors of 174483349?
174483349
List the prime factors of 133560181.
853, 156577
What are the prime factors of 34757100?
2, 3, 5, 7, 613
List the prime factors of 543497034.
2, 3, 431, 210169
List the prime factors of 101366630.
2, 5, 101, 100363
List the prime factors of 1589733854.
2, 794866927
What are the prime factors of 76564686?
2, 3, 11, 163, 647
List the prime factors of 289475610.
2, 3, 5, 9649187
What are the prime factors of 1803641547?
3, 613, 980773
What are the prime factors of 98585499?
3, 17, 1933049
What are the prime factors of 256018497?
3, 7, 23, 283, 1873
What are the prime factors of 766762603?
479, 1171, 1367
What are the prime factors of 818362485?
3, 5, 37, 73, 6733
What are the prime factors of 493627259?
493627259
List the prime factors of 48201660.
2, 3, 5, 13, 20599
List the prime factors of 11001224.
2, 13, 79, 103
List the prime factors of 3476708504.
2, 8297, 52379
List the prime factors of 831377998.
2, 11, 37789909
List the prime factors of 452273736.
2, 3, 79, 263, 907
What are the prime factors of 18568712?
2, 2321089
What are the prime factors of 430968029?
6827, 63127
What are the prime factors of 310041591?
3, 103347197
What are the prime factors of 113622785?
5, 22724557
What are the prime factors of 169738320?
2, 3, 5, 83, 8521
List the prime factors of 1182261812.
2, 295565453
List the prime factors of 5192246613.
3, 13807, 125353
What are the prime factors of 159790400?
2, 5, 7, 11, 1297
List the prime factors of 1811867099.
7, 6563, 39439
List the prime factors of 194730520.
2, 5, 179, 27197
What are the prime factors of 283597253?
2011, 141023
List the prime factors of 2050111940.
2, 5, 17, 59, 102199
What are the prime factors of 2382652147?
41, 1181, 49207
List the prime factors of 404395189.
11, 179, 18671
List the prime factors of 2146144142.
2, 4517, 237563
List the prime factors of 761497835.
5, 7, 383, 56807
What are the prime factors of 162720630?
2, 3, 5, 23, 26203
List the prime factors of 130643140.
2, 5, 103, 63419
What are the prime factors of 7170177?
3, 7, 107, 3191
List the prime factors of 332574892.
2, 13, 6395671
What are the prime factors of 96422089?
491, 196379
What are the prime factors of 37628119?
41, 917759
What are the prime factors of 846826271?
151, 5608121
What are the prime factors of 34892605?
5, 11, 271, 2341
What are the prime factors of 12056219?
7, 797, 2161
List the prime factors of 1076391805.
5, 17, 12663433
What are the prime factors of 52078362?
2, 3, 7, 1239961
List the prime factors of 1411079202.
2, 3, 13, 719, 8387
What are the prime factors of 67455615?
3, 5, 2081, 2161
List the prime factors of 38888604.
2, 3, 757, 1427
List the prime factors of 99969025.
5, 13, 67, 4591
List the prime factors of 8184558526.
2, 131, 31238773
What are the prime factors of 19224477?
3, 29, 73, 1009
List the prime factors of 931265959.
13, 401, 178643
What are the prime factors of 435734164?
2, 29, 599, 6271
List the prime factors of 636806018.
2, 211, 1509019
What are the prime factors of 2706964846?
2, 19, 263, 270859
List the prime factors of 2195096487.
3, 173, 4229473
What are the prime factors of 708284456?
2, 11, 8048687
List the prime factors of 113115888.
2, 3, 785527
List the prime factors of 135006631.
191, 706841
List the prime factors of 6527769.
3, 857, 2539
List the prime factors of 55859971.
55859971
What are the prime factors of 3548988741?
3, 41, 28853567
List the prime factors of 2778819877.
691, 4021447
What are the prime factors of 63099557?
23, 947, 2897
What are the prime factors of 849346240?
2, 5, 73, 103, 353
What are the prime factors of 404094539?
17, 1398251
List the prime factors of 582359709.
3, 19, 10216837
What are the prime factors of 5765738983?
173, 33327971
List the prime factors of 517571656.
2, 7, 727, 12713
List the prime factors of 29220132.
2, 3, 2435011
List the prime factors of 459300708.
2, 3, 23, 554711
List the prime factors of 3645211424.
2, 113912857
List the prime factors of 44844160.
2, 5, 41, 1709
What are the prime factors of 21500590?
2, 5, 19, 113161
What are the prime factors of 356003222?
2, 17, 10470683
List the prime factors of 216731769.
3, 72243923
What are the prime factors of 57487389?
3, 19162463
What are the prime factors of 502158?
2, 3, 127, 659
List the prime factors of 263028113.
103, 2553671
What are the prime factors of 389814398?
2, 31, 6287329
List the prime factors of 53848218.
2, 3, 8974703
List the prime factors of 2404032805.
5, 79, 101, 60259
List the prime factors of 96653918.
2, 59, 819101
List the prime factors of 320637956.
2, 80159489
What are the prime factors of 71761894?
2, 53, 109, 6211
What are the prime factors of 222579514?
2, 6733, 16529
List the prime factors of 2058671134.
2, 13, 17, 358279
What are the prime factors of 2902144357?
7, 61, 6796591
What are the prime factors of 194758532?
2, 48689633
What are the prime factors of 92000296?
2, 29, 541, 733
List the prime factors of 6071382.
2, 3, 29, 3877
List the prime factors of 769124530.
2, 5, 139, 191, 2897
What are the prime factors of 588153317?
588153317
List the prime factors of 524362800.
2, 3, 5, 13, 33613
List the prime factors of 3563905496.
2, 107, 127, 32783
List the prime factors of 3625205393.
17203, 210731
List the prime factors of 4090927451.
13, 1979, 159013
What are the prime factors of 277520673?
3, 92506891
List the prime factors of 240983932.
2, 7, 131, 65699
What are the prime factors of 61952791?
61952791
List the prime factors of 309119992.
2, 41, 942439
What are the prime factors of 911318493?
3, 163, 1863637
What are the prime factors of 1785350229?
3, 13, 23, 29, 68633
List the prime factors of 335562013.
401, 479, 1747
List the prime factors of 20548361.
23, 893407
List the prime factors of 343652489.
343652489
List the prime factors of 69051004.
2, 11, 59, 67, 397
What are the prime factors of 1005636430?
2, 5, 100563643
What are the prime factors of 714116438?
2, 7, 71, 718427
What are the prime factors of 177794168?
2, 839, 26489
List the prime factors of 1025945.
5, 31, 6619
List the prime factors of 152692976.
2, 9543311
What are the prime factors of 66947786?
2, 31, 149, 7247
What are the prime factors of 2525969175?
3, 5, 47, 401, 1787
What are the prime factors of 9041787757?
53, 2663, 64063
List the prime factors of 2930800.
2, 5, 17, 431
List the prime factors of 814343580.
2, 3, 5, 2017, 2243
What are the prime factors of 446187051?
3, 19, 23, 41, 2767
List the prime factors of 304969086.
2, 3, 17, 996631
List the prime factors of 7175559437.
19, 2579, 146437
List the prime factors of 275814422.
2, 13, 816019
List the prime factors of 61106375.
5, 11, 19, 2339
What are the prime factors of 7322512346?
2, 23, 61, 97, 26903
List the prime factors of 9680599.
17, 569447
List the prime factors of 381106684.
2, 7, 31, 439063
What are the prime factors of 1997387421?
3, 665795807
List the prime factors of 853702549.
7, 17, 1024853
What are the prime factors of 87519958?
2, 367, 119237
What are the prime factors of 149008491?
3, 1839611
What are the prime factors of 788170015?
5, 131, 241, 4993
List the prime factors of 75657324.
2, 3, 61, 103357
List the prime factors of 37307188.
2, 9326797
List the prime factors of 409720816.
2, 29, 103, 8573
What are the prime factors of 65989348?
2, 43, 383659
What are the prime factors of 22443228?
2, 3, 623423
What are